547574 and 66.
22
What is the greatest common factor of 622608 and 333200?
1904
What is the greatest common divisor of 229862688 and 132?
132
What is the highest common factor of 727532125 and 125?
125
What is the greatest common divisor of 2148 and 8546176?
716
Calculate the greatest common factor of 184749 and 128.
1
Calculate the highest common factor of 1432704 and 51632.
112
Calculate the greatest common factor of 17604 and 63396.
108
Calculate the highest common factor of 390811 and 23180342.
5833
Calculate the greatest common divisor of 5227789 and 892.
223
What is the greatest common divisor of 3353638 and 611?
47
Calculate the highest common factor of 45 and 1759055.
5
What is the highest common divisor of 1862535 and 60?
15
Calculate the greatest common factor of 4998 and 129242568.
714
What is the greatest common divisor of 1485 and 4606620?
15
Calculate the highest common divisor of 18 and 1170733710.
6
What is the highest common divisor of 108367 and 540876?
959
Calculate the greatest common divisor of 16916 and 849276238.
8458
Calculate the greatest common factor of 1658182284 and 132.
132
Calculate the greatest common factor of 20705 and 86153.
101
Calculate the greatest common divisor of 4555 and 28394959.
911
What is the highest common divisor of 1599 and 1069977?
123
What is the highest common divisor of 386354 and 165094?
1702
What is the greatest common factor of 4006380 and 15540?
420
What is the highest common factor of 2490 and 3001770?
30
What is the greatest common divisor of 28 and 659644?
4
Calculate the greatest common factor of 13 and 55469609.
13
Calculate the greatest common factor of 21 and 22038961.
7
Calculate the greatest common divisor of 260694112 and 56.
56
Calculate the greatest common factor of 1532170 and 1313.
101
What is the greatest common factor of 3161418 and 117?
39
What is the highest common divisor of 143063027 and 19?
19
Calculate the highest common factor of 61610488 and 18544.
488
Calculate the highest common divisor of 37508449 and 181.
181
Calculate the greatest common factor of 127162896 and 21.
21
Calculate the highest common divisor of 186 and 618247167.
93
What is the highest common divisor of 50504 and 1343784?
472
What is the highest common divisor of 24 and 780714?
6
Calculate the greatest common divisor of 36784433 and 19341.
2149
Calculate the greatest common factor of 2673 and 1008207.
243
What is the greatest common divisor of 83386 and 1500602?
346
Calculate the highest common divisor of 54 and 345024576.
54
What is the greatest common divisor of 234 and 55187808?
78
What is the highest common divisor of 17425913 and 3959?
107
What is the greatest common divisor of 811 and 98040979?
811
Calculate the highest common divisor of 32091 and 500801449.
10697
What is the greatest common factor of 26719303 and 2015?
403
What is the greatest common divisor of 33 and 352879131?
33
Calculate the greatest common divisor of 2168 and 2196997.
271
What is the highest common divisor of 10714694 and 353757?
3187
What is the greatest common factor of 605529 and 27429?
123
What is the greatest common factor of 1060 and 8253584?
212
Calculate the highest common divisor of 534809 and 4873.
11
Calculate the highest common divisor of 46226958 and 1752.
438
What is the greatest common divisor of 2997 and 2144403?
9
What is the greatest common factor of 125912972 and 12072?
2012
Calculate the highest common divisor of 16100252 and 14.
14
Calculate the highest common divisor of 1708343180 and 20.
20
Calculate the greatest common divisor of 85 and 745805.
5
What is the highest common divisor of 40216995 and 69?
69
What is the greatest common divisor of 178957033 and 501?
167
Calculate the greatest common divisor of 37789910 and 584.
146
What is the greatest common factor of 62080 and 10114190?
970
Calculate the greatest common divisor of 1435108 and 920.
92
Calculate the greatest common divisor of 9999596 and 1356.
452
Calculate the highest common divisor of 1568 and 7376.
16
What is the greatest common divisor of 9271146 and 138043?
4453
Calculate the highest common divisor of 28649286 and 234.
18
Calculate the highest common factor of 462117822 and 1830.
366
Calculate the greatest common divisor of 328087627 and 7.
7
Calculate the highest common factor of 10 and 130070705.
5
Calculate the highest common factor of 1303571550 and 75.
75
Calculate the highest common factor of 3864922 and 48614.
218
What is the highest common divisor of 30464 and 28219184?
1904
What is the highest common divisor of 175 and 49636825?
175
Calculate the greatest common divisor of 2695 and 403018.
77
Calculate the highest common divisor of 12766 and 1216207.
491
Calculate the greatest common factor of 375293 and 1218417.
5141
Calculate the highest common factor of 6588 and 1860073.
61
Calculate the greatest common factor of 17969 and 50721353.
2567
Calculate the highest common divisor of 249 and 79442039.
83
What is the highest common divisor of 135365 and 365?
5
What is the highest common divisor of 34 and 53625854?
34
Calculate the highest common factor of 516224 and 368.
16
Calculate the highest common divisor of 261 and 1251727.
29
Calculate the highest common factor of 153130334 and 28.
14
What is the greatest common divisor of 11696 and 1663799?
43
What is the greatest common factor of 2765949 and 76353?
2463
What is the highest common factor of 172329 and 204?
51
What is the greatest common divisor of 77 and 405219397?
11
What is the highest common factor of 60552405 and 730?
365
What is the highest common factor of 80 and 152164940?
20
Calculate the highest common divisor of 899 and 84729851.
899
Calculate the highest common factor of 60 and 9126870.
30
What is the greatest common divisor of 12175852 and 44?
4
Calculate the highest common divisor of 88529618 and 17090.
3418
Calculate the highest common divisor of 385 and 119801.
11
Calculate the highest common divisor of 381624 and 159.
3
Calculate the highest common divisor of 565076215 and 3410.
1705
Calculate the greatest common factor of 22346781 and 2515.
503
What is the highest common divisor of 1302 and 1994912?
62
What is the highest common divisor of 45 and 163989675?
45
Calculate the highest common divisor of 1900 and 316692.
76
Calculate the highest common divisor of 21049 and 253267.
679
What is the greatest common factor of 10338 and 795752043?
5169
Calculate the greatest common divisor of 17693978 and 76.
38
Calculate the highest common factor of 703910385 and 333.
333
Calculate the greatest common divisor of 474986 and 49.
1
What is the highest common factor of 617 and 6967?
1
What is the greatest common factor of 1581 and 11522855?
527
Calculate the highest common factor of 208 and 12503348.
52
What is the highest common divisor of 3080 and 12020800?
440
What is the greatest common factor of 885 and 3974181?
177
What is the highest common factor of 13556698 and 274?
274
What is the greatest common divisor of 20451642 and 348?
6
Calculate the highest common factor of 4941 and 18972.
9
Calculate the greatest common factor of 1887238 and 1081.
47
What is the highest common divisor of 160 and 7345?
5
What is the highest common factor of 20889 and 17455608?
1899
Calculate the greatest common factor of 234 and 192639564.
234
Calculate the greatest common divisor of 22714 and 206148.
82
Calculate the highest common factor of 3310 and 140176845.
1655
Calculate the highest common divisor of 4411285 and 12905.
445
Calculate the greatest common divisor of 898 and 38115610.
898
Calculate the highest common factor of 1080 and 105357240.
1080
Calculate the highest common divisor of 3520 and 42878.
22
Calculate the greatest common factor of 88 and 79618.
22
Calculate the highest common divisor of 1760 and 1104994.
22
What is the greatest common factor of 15 and 62555015?
5
What is the greatest common divisor of 371 and 5497319?
53
What is the highest common factor of 76 and 21458486?
38
Calculate the highest common divisor of 6573 and 48473684.
2191
Calculate the greatest common divisor of 140326252 and 197.
197
What is the greatest common factor of 551005 and 20384?
637
What is the greatest common divisor of 1752 and 12778504?
584
Calculate the highest common fac